 = 9 + -4. Suppose -q - 2*r + 12 = 0, -2*q + 6*q = -z*r + 60. Suppose 9 = 3*i, m + 5*i - 15 = q. What are the prime factors of m?
2, 5
Suppose -2*v = -5*l + 30801, 16*l + 633*v - 98552 = 638*v. What are the prime factors of l?
47, 131
Suppose 0 = 3*z + 18, -15*k + 1236 = -14*k - 3*z. List the prime factors of k.
2, 3, 7, 29
Let h(d) = -d**2 + 2*d + 54. Let i be h(8). Suppose 0 = -9*a - i*a + 4425. List the prime factors of a.
5, 59
List the prime factors of 278*(-174)/(-21)*182/52.
2, 29, 139
Suppose g - 4*w = -9*w + 1449, 2908 = 2*g + 5*w. Let v = 2057 - g. List the prime factors of v.
2, 13, 23
List the prime factors of (4/38)/(-1) - (-23)/((-1311)/(-1493064)).
2, 7, 1871
Suppose -243*a + 4*h + 8730 = -238*a, 2*h - 3474 = -2*a. What are the prime factors of a?
2, 13, 67
Suppose 222721 - 95 = 155*b - 81329. What are the prime factors of b?
37, 53
Suppose -11*l - 286 = -3659 - 5009. What are the prime factors of l?
2, 3, 127
Let y(c) = c**3 + 63*c**2 - 18*c - 1015. List the prime factors of y(-56).
3, 5, 7, 11, 19
Let u(z) = z**3 + 16*z**2 + 8*z - 16. Let a(b) = b**2. Let s(r) = -6*a(r) + u(r). Let d be -2 - 4*35/28. List the prime factors of s(d).
3, 5
Suppose -65*f - 4*v = -69*f + 4, 3*v = 2*f - 1. Let u be 4/10 - (-296)/10. Suppose -f*n + u = q + 2*n, -2*q = -5*n - 8. List the prime factors of q.
2, 7
Let v = -1755 + 3123. Suppose 2*t + 452 = v. What are the prime factors of t?
2, 229
Suppose -a + 1 = -1. Suppose 200 = 6*l - 916. Suppose 116 = 2*y - 4*s, 3*y - a*s = s + l. What are the prime factors of y?
2, 3, 11
Let h(k) = k**3 + 10*k**2 - 12*k - 15. Let g be h(-11). Let n(r) = -14*r - 4*r**2 - 3*r**3 - 9 - 2*r + r + 7*r. What are the prime factors of n(g)?
151
Let m = 4987 - -278. What are the prime factors of m?
3, 5, 13
Let a(r) = r**3 - 13*r**2 + 2*r - 26. Let j be a(13). Suppose j = -3*g + 4*z + 2655, -g - 3*z = -5*z - 883. List the prime factors of g.
7, 127
Suppose 13082 = 4*z + 5*b, 0 = 4*z - 5*b - 12608 - 454. List the prime factors of z.
2, 19, 43
Suppose -5*l + 8*m - 4*m + 97306 = 0, -m + 58387 = 3*l. What are the prime factors of l?
2, 37, 263
Suppose 7*l - 73 = -45. Suppose 0*x - 4*s + 1720 = l*x, -x - 3*s + 424 = 0. List the prime factors of x.
433
Let c(w) = 1838*w + 619. What are the prime factors of c(9)?
131
Let b(v) = v**3 - 7*v**2 + 2*v - 12. Let r be b(7). Suppose i + 4 + 1 = 0, 0 = -2*x + r*i + 16. List the prime factors of x + 35 + 0 + 0.
2, 19
List the prime factors of (-5188621)/(-292) - (-10)/(-8).
2, 2221
Let w be (-42)/189 - (-12128)/(-18). Let t = -298 - w. List the prime factors of t.
2, 47
Suppose -3*d + 14 = z, 4*d - 10 = 5*z - 2*z. Suppose -651 = -z*b + o, 4*b + 3*o - 1099 = 198. Suppose a = -4*a + b. List the prime factors of a.
5, 13
Let o be (1995/14)/(((-18)/(-64))/3). Suppose -4*w + 7*s = 10*s - 1216, -o = -5*w - s. List the prime factors of w.
2, 19
Let c(f) = -f**3 - 102*f**2 - 526*f - 67. What are the prime factors of c(-98)?
3, 5, 13, 67
Let n = -349 + 355. What are the prime factors of (-76140)/(-150)*(9/n - -1)?
3, 47
Suppose -5*o - 82*l + 38536 = -79*l, 3*o - 23112 = 3*l. What are the prime factors of o?
2, 3853
Suppose g = 3*n - 19, g - 6 - 15 = -5*n. Suppose t - 2*i - 300 = 0, 1 = -n*i - 4. Let r = t + -155. What are the prime factors of r?
11, 13
Let m(u) = u**3 + 39*u**2 - 29*u + 511. List the prime factors of m(-40).
71
Suppose 2*a = 2*t + 14, -11 + 9 = t. Suppose x = 5*w + a*x, 4*x - 28 = 2*w. What are the prime factors of (90/w)/((-6)/16)?
2, 3, 5
Let t be 5/(-2)*1/(10/(-16)). Suppose -t*s + 5*s = -2*s. Suppose s = -5*q - 4*m + 298, -q - 2*m + 83 = 21. List the prime factors of q.
2, 29
Suppose -13291 = -w + p, 43*w - 38*w + 4*p = 66437. What are the prime factors of w?
97, 137
Suppose -3*z - 2*m + 13 = 0, -6 = -4*m + 2. Suppose -z*d + 896 = 2*x - 6*d, x - 5*d = 462. Let h = x + -224. List the prime factors of h.
2, 109
Let r = 17 - 6. Suppose 3*l = r - 5. Suppose -l*t = -3*x + 261, x - 5*t = -x + 185. List the prime factors of x.
5, 17
Let c(f) = 813*f + 1032. What are the prime factors of c(14)?
2, 3, 2069
Suppose 4*j + 1581 - 23435 = -5*g, -5*j = 5*g - 27320. Suppose -5*n = x - j, -2982 = -2*n + 2*x - 798. List the prime factors of n.
1093
Suppose -101*z = -145*z - 175*z + 1585560. What are the prime factors of z?
2, 5, 181
Suppose -25*t - 5*m - 151361 = -29*t, 35 = -7*m. List the prime factors of t.
2, 18917
Let x = -594 + 1094. Let z = x + -296. What are the prime factors of z?
2, 3, 17
Let n = -198 + 240. Suppose 38*f = n*f - 132. What are the prime factors of f?
3, 11
Let g be 1000/(-30)*6*(-219)/24. Suppose 76*r = 77*r - g. List the prime factors of r.
5, 73
Let r(b) = b**2 - 3. Let c be -4 + 2 + -1 - 2. Let q be r(c). Suppose -q = -5*h + 108. List the prime factors of h.
2, 13
Let i be 5 + -1 - (1 + 1). Suppose 2 = -t + 4*z, 2*t + 0*t + 22 = 2*z. What are the prime factors of t/i*(-78)/7?
2, 3, 13
Let a be (10146/(2 - -4))/(0 + -1). Let g = -746 - a. What are the prime factors of g?
3, 5, 7
Suppose 3*k - 77 - 79 = 0. Suppose 6*c - k = 2*c. Let h = c + 12. List the prime factors of h.
5
Suppose -h + 32 = h + 2*l, -3*h + 5*l + 32 = 0. Suppose -7*v = -h*v + 21. Suppose 0 = v*w + 122 - 806. What are the prime factors of w?
2, 3, 19
Let l be 58 + ((-4)/10 - 180/(-75)). Let j = l - -187. List the prime factors of j.
13, 19
Suppose 12*k - 280077 = 126735. List the prime factors of k.
7, 29, 167
Suppose g = 0, 2*a - 3*g = -0*a. Suppose -7*p + 4*p = a. Suppose 3*m + 5*t - 73 = 0, m + p*t - 36 = -4*t. What are the prime factors of m?
2
Suppose -7*n + 12*n - 2*z = 186820, -186820 = -5*n + 3*z. What are the prime factors of n?
2, 9341
Suppose 0 = -6*g + 8 + 4. Suppose -3*c = -g*c + z - 1, 0 = c + 4*z + 2. Suppose -c*t + 45 = -35. What are the prime factors of t?
2, 5
Suppose 5*l - 4758 = -s, -4413 + 1548 = -3*l - 4*s. List the prime factors of l.
3, 317
Suppose -v - 4*a + 15 = 0, -15 + 0 = -5*a. Suppose 3 = 3*u, u + 1 = v*t - 1. What are the prime factors of 4*t/18 + (-374)/(-18)?
3, 7
Let b(p) = 187*p - 834. What are the prime factors of b(33)?
3, 593
Suppose -3*a = 5*y - 13 - 52, 4*a - 102 = y. Let z(k) = 10*k - 112. List the prime factors of z(a).
2, 3, 23
Let l = 5473 + 2807. Suppose -19*z + 9010 = -l. List the prime factors of z.
2, 5, 7, 13
Let d(t) = 2*t**2 - 18*t + 244. What are the prime factors of d(39)?
2, 17, 19
Let m(a) = 4*a**2 - 19*a + 41. Let i be m(14). Let c = i - 193. What are the prime factors of c?
2, 3, 61
Let z(q) = -6*q + 57 + 8*q**2 - 117 + 61. List the prime factors of z(3).
5, 11
Let a(m) = 72*m - 113. Let p = 147 + -140. What are the prime factors of a(p)?
17, 23
Let g(p) = -50*p + 30. Let b be g(10). List the prime factors of (-2 - 24/10 - -4)*b.
2, 47
Suppose -92*n + 4661170 = 413806. What are the prime factors of n?
3, 11, 1399
Suppose 2*y + 325*u - 330*u = 52051, 104116 = 4*y - 8*u. What are the prime factors of y?
3, 8681
List the prime factors of (-2634)/(-18)*-2*(-1260)/7.
2, 3, 5, 439
Suppose -q = 5, -4*j - 4*q + 6*q + 34630 = 0. What are the prime factors of j?
3, 5, 577
Let g be (-1)/4*-3 - (-1679)/92. Suppose 676 = -17*j + g*j. What are the prime factors of j?
2, 13
Let f(y) = -31*y - 38. Let z(o) = -15*o - 19. Let i(m) = -3*f(m) + 7*z(m). Let k be i(-2). Suppose -k*s + 801 = -134. List the prime factors of s.
11, 17
Suppose 14*c - 54 = 8*c. Suppose c*z - 10*z = -6. Let s(d) = -d**3 + 8*d**2 - 2*d - 5. List the prime factors of s(z).
5, 11
Suppose 0 = 86*m - 79*m + 238. Let w(k) = -k**2 + 7*k - 9. Let a be w(8). Let d = a - m. List the prime factors of d.
17
Let v be (-2)/(1 - 20/28). Let j = v + -5. List the prime factors of 18/j + (-274)/(-4).
67
Suppose 8*g + 1285 = -4355. List the prime factors of 5 + (5 - (-27)/(-3) - g).
2, 353
Suppose 0 = -17*q + 5*q. Suppose 216*u - 207*u - 8028 = q. List the prime factors of u.
2, 223
Suppose 506 = 5*z - 514. Suppose -10*y + z = -9*y. List the prime factors of y.
2, 3, 17
Let d = 68 - 6. Suppose -66 - d = 4*f. Let t = 39 + f. List the prime factors of t.
7
Suppose 25*g + 35*g - 61161 = 548919. What are the prime factors of g?
2, 31, 41
Suppose 16*s - 48 = -16. What are the prime factors of (-540)/(-324)*s*(-327)/(-2)?
5, 109
Let j(g) = g**3 - 30*g**2 + 3*g - 90. Let s be j(30). Suppose 3*f - 531 = -0*f + 